{"id":76,"date":"2021-08-08T16:17:00","date_gmt":"2021-08-08T14:17:00","guid":{"rendered":"https:\/\/www.gothiccommunity.eu\/wordpress\/?page_id=76"},"modified":"2022-07-06T00:23:43","modified_gmt":"2022-07-05T22:23:43","slug":"wie-funktionieren-die-neuen-watchparties","status":"publish","type":"page","link":"https:\/\/www.gothiccommunity.eu\/wordpress\/wie-funktionieren-die-neuen-watchparties\/","title":{"rendered":"Watchparties?"},"content":{"rendered":"\n<p>Da Facebook die Watch Funktion zum 16.04.2021 abschaltet und somit keine weiteren Watchparties direkt auf Facebook stattfinden k\u00f6nnen, mussten wir auf eine andere Plattform ausweichen.<br>Diese nennt sich Watch2gether und findet Ihr unter&nbsp;<a href=\"http:\/\/www.w2t.tv\/\" target=\"_blank\" rel=\"noreferrer noopener\">http:\/\/www.w2t.tv<\/a>.<br><br>Hier nun eine kleine Anleitung wie Ihr an zuk\u00fcnftigen Watchparties leichter teilnehmen k\u00f6nnt:<\/p>\n\n\n\n<h2 class=\"wp-block-heading\">Wie registriert Ihr Euch bei <a href=\"https:\/\/www.w2g.tv\" target=\"_blank\" rel=\"noreferrer noopener\">https:\/\/www.w2g.tv<\/a><a rel=\"noreferrer noopener\" href=\"http:\/\/www.w2t.tv\/\" target=\"_blank\"><\/a>\u00a0?<\/h2>\n\n\n\n<ul class=\"wp-block-list\"><li>Ihr besucht die Seite&nbsp;<a href=\"http:\/\/www.w2t.tv\/\" target=\"_blank\" rel=\"noreferrer noopener\">http:\/\/www.w2t.tv<\/a>&nbsp;und k\u00f6nnt Euch dort kostenlos anmelden (&nbsp;<a href=\"https:\/\/w2g.tv\/auth\/sign_up\" target=\"_blank\" rel=\"noreferrer noopener\">https:\/\/w2g.tv\/auth\/sign_up<\/a>&nbsp;).<\/li><li>Alles was Ihr daf\u00fcr ben\u00f6tigt ist eine E-Mail Adresse, ein selbstgew\u00e4hltes Passwort und einen Benutzernamen.<br>Idealerweise ist das Euer Facebook Accountname. Somit k\u00f6nnt Ihr Euch besser gegenseitig erkennen. Er mu\u00df es aber nicht sein.<\/li><li>Die Option &#8222;Aktiviere Benachrichtigungen auf diesem Ger\u00e4t&#8220; k\u00f6nnt Ihr getrost ignorieren.<\/li><li>Nun bekommt Ihr, an die von Euch angegebene E-Mail Adresse, eine E-Mail mit einem darin enthaltenen Link mit dem Ihr Euren Account verifizieren k\u00f6nnt.<\/li><li>Nach der Verifizierung k\u00f6nnt Ihr Euer Profil gestalten und bearbeiten.<br>Dies findet Ihr rechts oben.<br>Unter anderem k\u00f6nnt Ihr dort auch ein Profilbild hochladen.<br>Auch so k\u00f6nnt Ihr Euch gegenseitig leichter erkennen.<\/li><li>Die &#8222;+Plus&#8220; Option braucht Ihr nicht zu abonnieren.<\/li><li>Nun k\u00f6nnt Ihr als vollwertiges Mitglied der Watchparty der Gothiccommunity unter diesem Link beitreten:<br><a href=\"https:\/\/watchparty.gothiccommunity.eu\/\" target=\"_blank\" rel=\"noreferrer noopener\">https:\/\/watchparty.gothiccommunity.eu\/<\/a><\/li><\/ul>\n\n\n\n<h2 class=\"wp-block-heading\">Wie tretet Ihr der Watchparty bei ?<\/h2>\n\n\n\n<ul class=\"wp-block-list\"><li>Jede Woche findet Ihr, wie bisher, in den Ank\u00fcndigungen in der Community<br>(&nbsp;<a href=\"https:\/\/www.facebook.com\/groups\/gothiccommunitygroup\" target=\"_blank\" rel=\"noreferrer noopener\">https:\/\/www.facebook.com\/groups\/gothiccommunitygroup<\/a>&nbsp;),<br><br>auf der Facebookseite<br>(&nbsp;<a href=\"https:\/\/www.facebook.com\/gothiccommunitypage\" target=\"_blank\" rel=\"noreferrer noopener\">https:\/\/www.facebook.com\/gothiccommunitypage<\/a>&nbsp;)<br><br>oder auf der Seite der Gothiccommunity<br>(&nbsp;<a href=\"https:\/\/www.gothiccommunity.eu\/\">https:\/\/www.gothiccommunity.eu<\/a>&nbsp;)<br><br>die anstehenden Watchparties. Darin findet Ihr immer den Link zur Watchparty.<br>Dieser bleibt allerdings immer gleich:&nbsp;<a href=\"https:\/\/watchparty.gothiccommunity.eu\/\" target=\"_blank\" rel=\"noreferrer noopener\">https:\/\/watchparty.gothiccommunity.eu\/<\/a><br><br>Diesen k\u00f6nnt Ihr auch gerne in Eure Lesezeichen des Browsers aufnehmen.<\/li><\/ul>\n\n\n\n<h2 class=\"wp-block-heading\">Wie verh\u00e4lt es sich mit dem Chat ?<\/h2>\n\n\n\n<ul class=\"wp-block-list\"><li>Den Chat findet Ihr am heimischen PC oder MAC rechts unten.<\/li><li>Auf dem mobilen Ger\u00e4t findet Ihr ihn direkt unter dem Videoplayer.<\/li><li>In diesem Chat k\u00f6nnt Ihr Emojis verwenden ebenso wie GIFs und sogar Bilder k\u00f6nnt Ihr darin, von Eurem Ger\u00e4t, hochladen.<\/li><li>Der Chat selber wird nicht gespeichert. Auch Reaktionen, wie bei Facebook, gibt es dabei nicht. Alles ist tempor\u00e4r.<\/li><li>Einzelne Personen k\u00f6nnt Ihr leider nicht erw\u00e4hnen.<\/li><\/ul>\n\n\n\n<h2 class=\"wp-block-heading\">Wie kann ich jemanden in die Watchparty einladen ?<\/h2>\n\n\n\n<ul class=\"wp-block-list\"><li>Wie immer geht dies \u00fcber die erstellte Veranstaltung \u00fcber Facebook. Darin findet Ihr den \u00fcblichen \u201eEinladen\u201c Button wor\u00fcber Ihr Eure Facebookfreunde und Gruppenmitglieder einladen k\u00f6nnt.<\/li><li>Rechts oben auf der Seite von&nbsp;<a href=\"http:\/\/www.w2t.tv\/\" target=\"_blank\" rel=\"noreferrer noopener\">http:\/\/www.w2t.tv<\/a>&nbsp;,in dem Watchpartyfenster befindet sich ein gelber Button \u201eFreunde einladen\u201c. Dar\u00fcber k\u00f6nnt Ihr verschiedene Plattformen ausw\u00e4hlen \u00fcber die Ihr Eure Freunde einladen k\u00f6nnt.<\/li><\/ul>\n\n\n\n<h2 class=\"wp-block-heading\"><br>Wie kann ich mein Profilbild \u00e4ndern ?<\/h2>\n\n\n\n<ul class=\"wp-block-list\"><li>Zuerst solltet Ihr Euch, wie bereits oben beschrieben, bei&nbsp;<a href=\"http:\/\/www.w2g.tv\/\" target=\"_blank\" rel=\"noreferrer noopener\">http:\/\/www.w2g.tv<\/a>&nbsp;registrieren.<\/li><li>Solltet Ihr Euch registriert haben, befindet Euch bereits in einer Watchparty und m\u00f6chtet Euer Profilbild \u00e4ndern, m\u00fcsst Ihr die Watchparty bzw. den Raum kurzzeitig verlassen.<br>Auf der Hauptseite von&nbsp;<a href=\"http:\/\/www.w2g.tv\/\" target=\"_blank\" rel=\"noreferrer noopener\">http:\/\/www.w2g.tv<\/a>&nbsp;seht Ihr rechts oben Euren Account.<br>Dort w\u00e4hlt Ihr &#8222;<strong>Profil bearbeiten<\/strong>&#8222;.<br>Nun k\u00f6nnt Ihr Euer Profilbild ab\u00e4ndern. Achtet dabei bitte auch auf die vorgegebenen Angaben wie Abmessungen und Dateigr\u00f6\u00dfe.<\/li><li>Erscheint Euer Profilbild dann nicht in der Watchparty, so ladet die Watchparty einfach noch einmal neu. Danach sollte es zu sehen sein.<\/li><\/ul>\n\n\n\n<h2 class=\"wp-block-heading\"><br>Auf dem mobilen Endger\u00e4t fehlt die &#8222;Absenden&#8220; Taste !<\/h2>\n\n\n\n<ul class=\"wp-block-list\"><li>Manche Mobilger\u00e4te stellen in der Watchparty auf stur und blenden keine Entertaste bzw. Absendentaste dar. Stattdessen wird das &#8222;Suchen&#8220; Symbol bzw. eine Lupe eingeblendet.<br>Dies kann funktionieren, mu\u00df aber nicht.<\/li><li>Entsprechend k\u00f6nnen wir leider nur zu einer Installation einer weiteren Softwaretastatur raten und diese zu verwenden.<br>Welche bleibt Euch \u00fcberlassen da wir uns nicht anma\u00dfen Euch zu irgendeiner Tastatur zu zwingen oder \u00fcberreden.<br><\/li><\/ul>\n\n\n\n<h2 class=\"wp-block-heading\"><br>Kann ich w\u00e4hrend einer Watchparty den Benutzernamen \u00e4ndern ?<\/h2>\n\n\n\n<ul class=\"wp-block-list\"><li>Ja!<br>Ihr findet unter dem Watchpartyvideo die sogenannte Benutzerliste.<br>Dort befindet sich Euer Benutzername ganz links.<br>Auf diesen tippt oder klickt Ihr und es \u00f6ffnet sich ein Fenster in welchem Ihr Euren Benutzernamen ab\u00e4ndern k\u00f6nnt.<br><\/li><\/ul>\n\n\n\n<h2 class=\"wp-block-heading\"><br>Die &#8222;Beigetreten \/ Verlassen&#8220; Anzeige nervt !<br>Kann man diese abstellen ?<\/h2>\n\n\n\n<ul class=\"wp-block-list\"><li>Ja!<br>Daf\u00fcr geht Ihr oben rechts auf die Einstellungen.<br>Dort findet Ihr unten den Punkt &#8222;Statusmeldungen anzeigen&#8220;.<br>Bei diesem tippt Ihr den Haken weg und schon habt Ihr diese Funktion deaktiviert.<br><\/li><\/ul>\n\n\n\n<p><strong>Bei weiteren Fragen, k\u00f6nnt Ihr diese gerne direkt in einer Watchparty stellen oder uns \u00fcber den hier als Symbol eingeblendeten Facebookmessenger kontaktieren.<\/strong><\/p>\n\n\n\n<p><strong>Hilfe erhaltet Ihr nat\u00fcrlich auch auf der offiziellen Seite von Watch2Gether:<br><a href=\"https:\/\/community.w2g.tv\/t\/how-to-use-watch2gether\/736\" target=\"_blank\" rel=\"noreferrer noopener\">https:\/\/community.w2g.tv\/t\/how-to-use-watch2gether\/736<\/a><\/strong><\/p>\n","protected":false},"excerpt":{"rendered":"<p>Da Facebook die Watch Funktion zum 16.04.2021 abschaltet und somit keine weiteren Watchparties direkt auf Facebook stattfinden k\u00f6nnen, mussten wir auf eine andere Plattform ausweichen.Diese nennt sich Watch2gether und findet [&hellip;]<\/p>\n","protected":false},"author":1,"featured_media":0,"parent":0,"menu_order":0,"comment_status":"closed","ping_status":"closed","template":"page-templates\/medium.php","meta":{"_price":"","_stock":"","_tribe_ticket_header":"","_tribe_default_ticket_provider":"","_tribe_ticket_capacity":"0","_ticket_start_date":"","_ticket_end_date":"","_tribe_ticket_show_description":"","_tribe_ticket_show_not_going":false,"_tribe_ticket_use_global_stock":"","_tribe_ticket_global_stock_level":"","_global_stock_mode":"","_global_stock_cap":"","_tribe_rsvp_for_event":"","_tribe_ticket_going_count":"","_tribe_ticket_not_going_count":"","_tribe_tickets_list":"[]","_tribe_ticket_has_attendee_info_fields":false,"_EventAllDay":false,"_EventTimezone":"","_EventStartDate":"","_EventEndDate":"","_EventStartDateUTC":"","_EventEndDateUTC":"","_EventShowMap":false,"_EventShowMapLink":false,"_EventURL":"","_EventCost":"","_EventCostDescription":"","_EventCurrencySymbol":"","_EventCurrencyCode":"","_EventCurrencyPosition":"","_EventDateTimeSeparator":"","_EventTimeRangeSeparator":"","_EventOrganizerID":[],"_EventVenueID":[],"_OrganizerEmail":"","_OrganizerPhone":"","_OrganizerWebsite":"","_VenueAddress":"","_VenueCity":"","_VenueCountry":"","_VenueProvince":"","_VenueState":"","_VenueZip":"","_VenuePhone":"","_VenueURL":"","_VenueStateProvince":"","_VenueLat":"","_VenueLng":"","_VenueShowMap":false,"_VenueShowMapLink":false,"footnotes":"","_tec_slr_enabled":"","_tec_slr_layout":""},"class_list":["post-76","page","type-page","status-publish","hentry"],"yoast_head":"<!-- This site is optimized with the Yoast SEO plugin v25.7 - https:\/\/yoast.com\/wordpress\/plugins\/seo\/ -->\n<title>Watchparties? - Gothiccommunity<\/title>\n<meta name=\"robots\" content=\"index, follow, max-snippet:-1, max-image-preview:large, max-video-preview:-1\" \/>\n<link rel=\"canonical\" href=\"https:\/\/www.gothiccommunity.eu\/wordpress\/wie-funktionieren-die-neuen-watchparties\/\" \/>\n<meta property=\"og:locale\" content=\"de_DE\" \/>\n<meta property=\"og:type\" content=\"article\" \/>\n<meta property=\"og:title\" content=\"Watchparties? - Gothiccommunity\" \/>\n<meta property=\"og:description\" content=\"Da Facebook die Watch Funktion zum 16.04.2021 abschaltet und somit keine weiteren Watchparties direkt auf Facebook stattfinden k\u00f6nnen, mussten wir auf eine andere Plattform ausweichen.Diese nennt sich Watch2gether und findet [&hellip;]\" \/>\n<meta property=\"og:url\" content=\"https:\/\/www.gothiccommunity.eu\/wordpress\/wie-funktionieren-die-neuen-watchparties\/\" \/>\n<meta property=\"og:site_name\" content=\"Gothiccommunity\" \/>\n<meta property=\"article:modified_time\" content=\"2022-07-05T22:23:43+00:00\" \/>\n<meta name=\"twitter:card\" content=\"summary_large_image\" \/>\n<meta name=\"twitter:label1\" content=\"Gesch\u00e4tzte Lesezeit\" \/>\n\t<meta name=\"twitter:data1\" content=\"4\u00a0Minuten\" \/>\n<script type=\"application\/ld+json\" class=\"yoast-schema-graph\">{\"@context\":\"https:\/\/schema.org\",\"@graph\":[{\"@type\":\"WebPage\",\"@id\":\"https:\/\/www.gothiccommunity.eu\/wordpress\/wie-funktionieren-die-neuen-watchparties\/\",\"url\":\"https:\/\/www.gothiccommunity.eu\/wordpress\/wie-funktionieren-die-neuen-watchparties\/\",\"name\":\"Watchparties? - Gothiccommunity\",\"isPartOf\":{\"@id\":\"https:\/\/www.gothiccommunity.eu\/wordpress\/#website\"},\"datePublished\":\"2021-08-08T14:17:00+00:00\",\"dateModified\":\"2022-07-05T22:23:43+00:00\",\"breadcrumb\":{\"@id\":\"https:\/\/www.gothiccommunity.eu\/wordpress\/wie-funktionieren-die-neuen-watchparties\/#breadcrumb\"},\"inLanguage\":\"de\",\"potentialAction\":[{\"@type\":\"ReadAction\",\"target\":[\"https:\/\/www.gothiccommunity.eu\/wordpress\/wie-funktionieren-die-neuen-watchparties\/\"]}]},{\"@type\":\"BreadcrumbList\",\"@id\":\"https:\/\/www.gothiccommunity.eu\/wordpress\/wie-funktionieren-die-neuen-watchparties\/#breadcrumb\",\"itemListElement\":[{\"@type\":\"ListItem\",\"position\":1,\"name\":\"Startseite\",\"item\":\"https:\/\/www.gothiccommunity.eu\/wordpress\/\"},{\"@type\":\"ListItem\",\"position\":2,\"name\":\"Watchparties?\"}]},{\"@type\":\"WebSite\",\"@id\":\"https:\/\/www.gothiccommunity.eu\/wordpress\/#website\",\"url\":\"https:\/\/www.gothiccommunity.eu\/wordpress\/\",\"name\":\"Gothiccommunity\",\"description\":\"Die Community der schwarzen Szene\",\"publisher\":{\"@id\":\"https:\/\/www.gothiccommunity.eu\/wordpress\/#organization\"},\"potentialAction\":[{\"@type\":\"SearchAction\",\"target\":{\"@type\":\"EntryPoint\",\"urlTemplate\":\"https:\/\/www.gothiccommunity.eu\/wordpress\/?s={search_term_string}\"},\"query-input\":{\"@type\":\"PropertyValueSpecification\",\"valueRequired\":true,\"valueName\":\"search_term_string\"}}],\"inLanguage\":\"de\"},{\"@type\":\"Organization\",\"@id\":\"https:\/\/www.gothiccommunity.eu\/wordpress\/#organization\",\"name\":\"Gothiccommunity\",\"url\":\"https:\/\/www.gothiccommunity.eu\/wordpress\/\",\"logo\":{\"@type\":\"ImageObject\",\"inLanguage\":\"de\",\"@id\":\"https:\/\/www.gothiccommunity.eu\/wordpress\/#\/schema\/logo\/image\/\",\"url\":\"https:\/\/www.gothiccommunity.eu\/wordpress\/wp-content\/uploads\/2021\/08\/cropped-cropped-Gruppentitelbildgravur-e1628429506384-1.png\",\"contentUrl\":\"https:\/\/www.gothiccommunity.eu\/wordpress\/wp-content\/uploads\/2021\/08\/cropped-cropped-Gruppentitelbildgravur-e1628429506384-1.png\",\"width\":473,\"height\":217,\"caption\":\"Gothiccommunity\"},\"image\":{\"@id\":\"https:\/\/www.gothiccommunity.eu\/wordpress\/#\/schema\/logo\/image\/\"}}]}<\/script>\n<!-- \/ Yoast SEO plugin. -->","yoast_head_json":{"title":"Watchparties? - Gothiccommunity","robots":{"index":"index","follow":"follow","max-snippet":"max-snippet:-1","max-image-preview":"max-image-preview:large","max-video-preview":"max-video-preview:-1"},"canonical":"https:\/\/www.gothiccommunity.eu\/wordpress\/wie-funktionieren-die-neuen-watchparties\/","og_locale":"de_DE","og_type":"article","og_title":"Watchparties? - Gothiccommunity","og_description":"Da Facebook die Watch Funktion zum 16.04.2021 abschaltet und somit keine weiteren Watchparties direkt auf Facebook stattfinden k\u00f6nnen, mussten wir auf eine andere Plattform ausweichen.Diese nennt sich Watch2gether und findet [&hellip;]","og_url":"https:\/\/www.gothiccommunity.eu\/wordpress\/wie-funktionieren-die-neuen-watchparties\/","og_site_name":"Gothiccommunity","article_modified_time":"2022-07-05T22:23:43+00:00","twitter_card":"summary_large_image","twitter_misc":{"Gesch\u00e4tzte Lesezeit":"4\u00a0Minuten"},"schema":{"@context":"https:\/\/schema.org","@graph":[{"@type":"WebPage","@id":"https:\/\/www.gothiccommunity.eu\/wordpress\/wie-funktionieren-die-neuen-watchparties\/","url":"https:\/\/www.gothiccommunity.eu\/wordpress\/wie-funktionieren-die-neuen-watchparties\/","name":"Watchparties? - Gothiccommunity","isPartOf":{"@id":"https:\/\/www.gothiccommunity.eu\/wordpress\/#website"},"datePublished":"2021-08-08T14:17:00+00:00","dateModified":"2022-07-05T22:23:43+00:00","breadcrumb":{"@id":"https:\/\/www.gothiccommunity.eu\/wordpress\/wie-funktionieren-die-neuen-watchparties\/#breadcrumb"},"inLanguage":"de","potentialAction":[{"@type":"ReadAction","target":["https:\/\/www.gothiccommunity.eu\/wordpress\/wie-funktionieren-die-neuen-watchparties\/"]}]},{"@type":"BreadcrumbList","@id":"https:\/\/www.gothiccommunity.eu\/wordpress\/wie-funktionieren-die-neuen-watchparties\/#breadcrumb","itemListElement":[{"@type":"ListItem","position":1,"name":"Startseite","item":"https:\/\/www.gothiccommunity.eu\/wordpress\/"},{"@type":"ListItem","position":2,"name":"Watchparties?"}]},{"@type":"WebSite","@id":"https:\/\/www.gothiccommunity.eu\/wordpress\/#website","url":"https:\/\/www.gothiccommunity.eu\/wordpress\/","name":"Gothiccommunity","description":"Die Community der schwarzen Szene","publisher":{"@id":"https:\/\/www.gothiccommunity.eu\/wordpress\/#organization"},"potentialAction":[{"@type":"SearchAction","target":{"@type":"EntryPoint","urlTemplate":"https:\/\/www.gothiccommunity.eu\/wordpress\/?s={search_term_string}"},"query-input":{"@type":"PropertyValueSpecification","valueRequired":true,"valueName":"search_term_string"}}],"inLanguage":"de"},{"@type":"Organization","@id":"https:\/\/www.gothiccommunity.eu\/wordpress\/#organization","name":"Gothiccommunity","url":"https:\/\/www.gothiccommunity.eu\/wordpress\/","logo":{"@type":"ImageObject","inLanguage":"de","@id":"https:\/\/www.gothiccommunity.eu\/wordpress\/#\/schema\/logo\/image\/","url":"https:\/\/www.gothiccommunity.eu\/wordpress\/wp-content\/uploads\/2021\/08\/cropped-cropped-Gruppentitelbildgravur-e1628429506384-1.png","contentUrl":"https:\/\/www.gothiccommunity.eu\/wordpress\/wp-content\/uploads\/2021\/08\/cropped-cropped-Gruppentitelbildgravur-e1628429506384-1.png","width":473,"height":217,"caption":"Gothiccommunity"},"image":{"@id":"https:\/\/www.gothiccommunity.eu\/wordpress\/#\/schema\/logo\/image\/"}}]}},"ticketed":false,"_links":{"self":[{"href":"https:\/\/www.gothiccommunity.eu\/wordpress\/wp-json\/wp\/v2\/pages\/76","targetHints":{"allow":["GET"]}}],"collection":[{"href":"https:\/\/www.gothiccommunity.eu\/wordpress\/wp-json\/wp\/v2\/pages"}],"about":[{"href":"https:\/\/www.gothiccommunity.eu\/wordpress\/wp-json\/wp\/v2\/types\/page"}],"author":[{"embeddable":true,"href":"https:\/\/www.gothiccommunity.eu\/wordpress\/wp-json\/wp\/v2\/users\/1"}],"replies":[{"embeddable":true,"href":"https:\/\/www.gothiccommunity.eu\/wordpress\/wp-json\/wp\/v2\/comments?post=76"}],"version-history":[{"count":3,"href":"https:\/\/www.gothiccommunity.eu\/wordpress\/wp-json\/wp\/v2\/pages\/76\/revisions"}],"predecessor-version":[{"id":851,"href":"https:\/\/www.gothiccommunity.eu\/wordpress\/wp-json\/wp\/v2\/pages\/76\/revisions\/851"}],"wp:attachment":[{"href":"https:\/\/www.gothiccommunity.eu\/wordpress\/wp-json\/wp\/v2\/media?parent=76"}],"curies":[{"name":"wp","href":"https:\/\/api.w.org\/{rel}","templated":true}]}}